2*p**2 - 4*p**2 + 3*p**2 - 8*p**2 + 12*p**2 - 6*p. Give y(k).
-3
Let h(a) = a**3 + 2*a - 2. Suppose -12 = 50*z - 54*z. What is h(z)?
31
Let k(j) = -8*j**2 - 2*j + 15. Let w(z) = -9*z**2 - z + 21. Let i(a) = 4*k(a) - 3*w(a). Calculate i(-3).
-33
Let l(k) = -17 - 6 + 9*k + 0 - 10*k. What is l(-12)?
-11
Let b(d) = -1 + d - 2*d - 6*d - 3. Let z(y) = 7*y + 5. Let w(k) = 4*b(k) + 3*z(k). Let r be 0 - (4 + -11) - 6. Determine w(r).
-8
Suppose -2 = -2*a + 14. Let j = 12 - a. Let h(g) be the first derivative of -g**2/2 + 4*g - 3. What is h(j)?
0
Let u = -53 - -20. Let f = 33 + u. Let w(h) = h**3 + 10. Calculate w(f).
10
Let p(y) be the second derivative of -y**7/840 + y**6/60 - y**5/120 + y**4/4 - 4*y**3/3 + 15*y. Let d(h) be the second derivative of p(h). What is d(6)?
0
Let f(k) = -k + 6. Let a = 1552 - 1537. Give f(a).
-9
Let c = -1368 - -1360. Let t(a) = -a**2 + 2*a - 9*a - 2*a + 5. Calculate t(c).
13
Let g = -9 + 10. Let j(l) = -7*l + 1. Let v be j(g). Let d = 6 + v. Let n(h) = h**2 - h - 5. Give n(d).
-5
Let s(q) = q**2 + q - 1. Let k(a) = -18*a**2 - 8*a + 5. Let n(w) = k(w) + 6*s(w). Give n(-1).
-11
Let v(o) be the first derivative of -o**3/6 + o**2/2 - 25*o + 27. Let x(f) be the first derivative of v(f). Give x(-5).
6
Let d(v) = -v - 1. Let g be 2 + (8 - (3 - -1)). Let r(h) = h**2 - 3*h - 9. Let l(k) = g*d(k) - r(k). Let i = -2 - 3. Give l(i).
-7
Let x be 84/(-18) + 1/(-3). Let j(u) be the first derivative of u**3/3 + 5*u**2/2 - 4*u - 88. Calculate j(x).
-4
Let u(k) = 4*k + k - 2*k + 2*k - 8. Let b be u(0). Let q(i) = i**2 + 6*i - 10. Determine q(b).
6
Let o = -405 - -405. Let h(r) = r - 16. Give h(o).
-16
Let i(a) be the second derivative of a**4/12 + 5*a**3/6 - 5*a**2 + 614*a. Calculate i(-8).
14
Let x(b) be the third derivative of -b**6/120 - b**5/6 - 2*b**4/3 + 77*b**2. Calculate x(-7).
-35
Let a(b) = 4*b**2 + 35*b - 20 - 3*b**2 - 6*b. Let j(i) be the first derivative of 3*i**2 - 4*i - 1. Let k(l) = 2*a(l) - 11*j(l). Give k(5).
14
Suppose 3 = -d + 7. Suppose 4 = -m - 3*m, 3*z + d*m - 5 = 0. Let v(n) = 2*n - z*n - 5*n + 3 + 5*n. Determine v(-3).
6
Suppose q = 6*q. Let p(b) = -b**2 + b - 2. Let h be p(q). Let f be h/3*(-60)/8. Let y(u) = -2*u + 5. Determine y(f).
-5
Suppose -2*m + 2*j = -14, -7*m - 5*j = -2*m - 45. Let x(q) = q**3 - 8*q**2 - q + 6. Determine x(m).
-2
Let h = 22 - 58. Suppose 2*r + x + 30 + 40 = 0, 3*r + 116 = 4*x. Let n = r - h. Let y(q) = q + 14. Calculate y(n).
14
Let z be 7/(21/18) - 4. Let p = z - -2. Let l(y) = y**2 - 3*y - 4. Give l(p).
0
Let s(c) = c**2 - 7*c - 5. Let z(x) = -x**3 - 6*x**2 - x + 2. Let f(g) = -5*g + 15. Let a be f(9). Let b = a - -24. Let v be z(b). Give s(v).
3
Let k be (-2)/(-4) - 423/(-18). Suppose 4 - k = -5*u. Let a(g) be the third derivative of -g**6/120 + g**5/15 + g**4/24 + 2*g**3/3 - 5*g**2. Calculate a(u).
8
Let t(s) be the second derivative of -s**4/12 - 4*s**3/3 - 3*s**2/2 + 5*s. Suppose 33*x - 27*x + 48 = 0. What is t(x)?
-3
Let n(p) be the first derivative of -3/4*p**4 + 0*p - 2/3*p**3 + 1/2*p**2 + 21. Let v = -7 - -8. Give n(v).
-4
Let o(f) = 128*f**2 + 141*f**2 - 281*f**2 + f. Let x be ((-2)/(-3))/(8/(-12)). Let i be (1 - -1)*x/2. Determine o(i).
-13
Let k(n) be the first derivative of -34*n**3/3 + n**2/2 - 5. Let i be k(1). Let d = i + 34. Let t(l) = 12*l**3 + l**2. Give t(d).
13
Let a = 0 - 0. Let j(n) be the third derivative of 1/2*n**3 - 43*n**2 - 1/24*n**4 + 0 + 0*n. Calculate j(a).
3
Let z(l) = -l**3 - 16*l**2 - 2. Let b be 114/(-7) + (20/(-14))/(-5). What is z(b)?
-2
Let g(t) = t**2 + 2*t + 12. Suppose 0 = -23*k + 17*k. Determine g(k).
12
Let m(w) = w**2 - 15. Let o(x) = x**2 - 14. Let r(l) = 2*m(l) - 3*o(l). Let q be r(-3). Let y(a) = 2*a**2 - 4*a + 3. What is y(q)?
9
Let u(y) = -28 - 13*y**2 + 12*y + 30 + 2*y**2 - 4*y. Let g(p) = -5*p**2 + 4*p + 1. Let c(n) = -13*g(n) + 6*u(n). Determine c(-6).
-13
Suppose 13*y - 25 = 14. Let c(b) be the first derivative of 2*b**3/3 - 3*b**2/2 - 3*b + 3. Give c(y).
6
Let k(m) = m - 5. Suppose 0 = 5*i - 18 - 17. Let x be 43/i + (-3)/21. What is k(x)?
1
Let m(l) be the first derivative of -8*l**3 - l**2/2 - 209. Give m(-1).
-23
Suppose -54 = -9*d + 7*d. Suppose 0*h + d = 3*h. Let i = h + -15. Let o(a) = -a**3 - 7*a**2 - 8*a - 6. Calculate o(i).
6
Let n(m) = m**3 + 8*m**2 - 3*m - 3. Let w(o) = -o. Let h(q) = -n(q) - 6*w(q). Suppose -2*y = -32*t + 33*t + 24, 2*t + 57 = -5*y. What is h(y)?
3
Let h(a) be the third derivative of -a**8/6720 - a**5/12 - 5*a**4/8 - 4*a**2. Let u(m) be the second derivative of h(m). Calculate u(0).
-10
Let y(n) = 4*n - 111 - 140 + 277. Determine y(-11).
-18
Let s(z) = -15*z + 7. Let a be (-3)/(((-1)/(-8))/((-6)/(-16))). Let q(n) = 5*n - 3 - n + 3*n. Let x(h) = a*q(h) - 4*s(h). Give x(2).
-7
Let c(b) = b**2 - 4*b - 23*b**3 + 26*b**3 + 7 - 4*b**3. Give c(2).
-5
Let x = -6 + 8. Let f(z) = -6 + z**2 - 2*z**x + 2*z**2 - z + 2*z**2. Let b(y) = -y**2 + y + 1. Let t(m) = -2*b(m) - f(m). What is t(0)?
4
Let y(z) = z**3 - z**2 - 1. Let n(m) = -m**3 + 8*m**2 + 4*m + 3. Let a(c) = -n(c) - 2*y(c). What is a(-4)?
-17
Let x(y) = -y. Let p = -40 + 43. Let g(i) = -36*i - 66. Let q(f) = -7*f - 13. Let c(h) = -3*g(h) + 16*q(h). Let a(k) = p*x(k) - c(k). Give a(-5).
5
Let w be 0/((-4)/6*3). Let v(z) = -z**2 - 12*z - 30. Let a be v(-7). Suppose w = a*x - 14 - 11. Let i(j) = -j + 2. Determine i(x).
-3
Let t(y) = -y**3 + y**2 - y - 24. Let u(q) = 3*q**3 + 3*q**2. Let x be u(-1). Give t(x).
-24
Let z(k) = k**2 - k + 1. Let n(d) = -d**2 - d. Let m(s) = -n(s) + 3*z(s). Suppose 28*g + 8 = 5*h + 29*g, -4*g = 8. What is m(h)?
15
Let x(l) = -47*l + 10*l + 4*l + 32*l - 4. Determine x(-4).
0
Let x(u) be the first derivative of 0*u + 1/4*u**4 - 7 + 0*u**3 - u**2. Let p = -11 - -13. Calculate x(p).
4
Let x(q) be the second derivative of -q**7/2520 - q**6/120 + q**5/60 - 9*q**4/4 - 18*q. Let m(l) be the third derivative of x(l). Determine m(-6).
2
Let i(z) = -347387*z**3 - 4*z + 347388*z**3 + 1 + 6*z - 4*z**2. Let n(b) = -b**3 - 5*b**2 - 5*b. Let a be n(-4). Suppose -a*y = -0 - 8. Determine i(y).
-3
Let z be (-15)/6 + 1 + 12/(-8). Let d(l) = l - 2 + 1 + 0*l + 0. Give d(z).
-4
Let u be -3*(-2)/(1/(2/12)). Suppose -2*p = 5*a - a - 2, 4*a = -3*p - u. Let o(w) = -w**2 - w + 1. Calculate o(p).
-5
Let i be (-74)/(-10) - (-4)/(-10). Let h(s) be the second derivative of -s**4/12 + 4*s**3/3 - 2*s**2 - 718*s. Give h(i).
3
Let f(h) = 11*h - 2. Suppose 2*b = 4*x + 2, 5*x - 3*b = 6*x + 11. Give f(x).
-24
Suppose 100 = 3*y + 2*y. Let p = -15 + y. Suppose 4*s - 25 = -p*m - 0*s, 5*m = 3*s - 10. Let k(x) = 10*x. What is k(m)?
10
Let n(h) = -3*h + 8. Let w(q) be the first derivative of -q + 19. Let d(u) = -n(u) - 4*w(u). Calculate d(3).
5
Let c(r) = 4*r - 33. Let v be 7 + (90/10 - 1). Determine c(v).
27
Let a(t) = -t**2 + 5*t - 1. Let l(k) = 8 - 2 + 12*k - 10*k**2 + 9*k**2 + 10. Let h be l(13). Let j be a(h). Let n(g) = -g**2 + 6*g - 3. What is n(j)?
2
Suppose -3*i + 5*l - 8 = 0, 4*i - 2*i - 2*l = -4. Let d(n) = 4*n - 7 + 8 + 14*n - 32*n. Calculate d(i).
15
Let m(x) = -5*x**2 - 52*x + 48. Let h(i) = -3*i**2 - 27*i + 24. Let l(p) = -7*h(p) + 4*m(p). Give l(17).
-10
Suppose -t = 3*t + 16. Let c(j) be the third derivative of j**4/8 + 7*j**3/6 - 3*j**2 - 4. What is c(t)?
-5
Let o(s) = 2*s**2 + 5*s + 4. Let i(l) = -l**2 - 6*l - 5. Let w(d) = 3*i(d) + 4*o(d). Determine w(-1).
4
Let b(p) = -5*p**2 + 6*p - 1. Let l(r) = -3*r**2 + 4*r - 1. Let x(w) = 5*b(w) - 8*l(w). Let y be (12/18)/(2 - 40/18). What is x(y)?
0
Let m(p) = 23*p**2 - 17*p + 11. Let f(n) = -4*n**2 + 3*n - 2. Let g(i) = -34*f(i) - 6*m(i). Suppose -3*v - 6 = q, 0*v - 2*q - 6 = 3*v. Determine g(v).
-6
Let o(n) = n - 5. Let a(m) = -3*m - 1. Let w(y) = -a(y) + 2*o(y). Give w(0).
-9
Let h(l) = -2*l + 28. Suppose -69 = -5*x + 3*m - 23, 5*x - 67 = -4*m. Give h(x).
6
Let s(j) be the second derivative of 2*j**3/3 + j**2/2 + 10*j. Let a(n) = -n**2 + 8*n - 9. Let h be a(7). Give s(h).
-7
Let u = 738 + -740. Let o(k) = -2*k**3 - k**2 + 4*k. What is o(u)?
4
Let x(k) = -k**3 - k**2. Let h be x(-2). Let d(u) = -4 + 3 - h*u + 5*u + 7*u. Calculate d(1).
7
Let g(y) = -y - 4. Let q(f) = f**3 + 11*f**2 - 10*f + 34. Let h be q(-12). Suppose -5*b + h*b + 20 = 0. Calculate g(b).
0
Let w(a) = a**3 - 5*a**2 + 2*a - 22. Let s be w(5). Let 